 5).
45
(-28 - -202) + 232 + -322
84
Calculate -1475 - -1410 - (0 + -29).
-36
0 + 111 + (-5 + 5 - -9 - 14)
106
(-224 - -200) + (4 - -4) + 33 + 59
76
Evaluate (-53 - -105) + -19 + (1 - 11).
23
What is the value of 0 + 109 + 8 - (61 + -27 + -20)?
103
What is the value of 21 - (-34 - (-6 + -33))?
16
Calculate (1 - 19) + (5 - (61 - 77)).
3
Evaluate (41 - 0) + -22 + 11 + -10 + -9.
11
What is -7 + (33 + -83 - -4)?
-53
What is -20 - -23 - -21 - 16 - 8?
0
Calculate 14 + (-3 + (7 - 1 - 11) + 5 - -3).
14
Calculate 43 - (1324 - 1343 - (-24 - (0 - 0))).
38
What is (-331 - -351) + (-1 - 12) - -1?
8
Calculate (-3 - 149) + (843 - 760).
-69
Evaluate 28 + (-1 - 1) - (32 - (15 - 7)).
2
Calculate (-117 - -1) + 2 + (3701 - 3664).
-77
Calculate 7 + 10 + (-1 - -1) + -15 + (-3 - 16).
-17
Evaluate -38 - (-30 + -33 + 41).
-16
What is 72 + (-89 - 12) + -65 + (-1 - -1) + -9?
-103
Calculate (-47 - 91) + (16 + -24 - -14 - 0).
-132
What is the value of 0 + -11 + (14 - -43) + (-1 - -16 - 8)?
53
Calculate (-111 - -7) + (1221 - 1233).
-116
What is 61 + (141 - 112 - (5 - -9))?
76
(55 - 85) + -21 + 108
57
Calculate 31 + (-23 - -71) + -133.
-54
What is 57 + (-2 + -10 - (136 + -137))?
46
-1 + 9 - (-225 + 80 - -19)
134
What is (-326 - -366) + 2 + -2?
40
What is 50 + -95 + 86 + (2 - -23)?
66
41 - (9 + 1 + -32 + 12 + 1)
50
Evaluate -40 - (-59 - 109 - -71).
57
Evaluate (17 - 0) + 56 + (-44 - 9).
20
-3 + (2 - 13) + -13
-27
Evaluate (90 - 0) + 1 - (-117 + 644 + -525).
89
Evaluate 8 - ((-6 - -7 - (13 - 12)) + -2).
10
Evaluate (-101 - (-10 - -10)) + 1 - (-43 - -45).
-102
What is the value of (-20 - (-19 + 5 + 2)) + 20?
12
What is the value of 47 + (-147 - (38 + -22 + -9))?
-107
Calculate 6 - (-3 - -82) - (-2 + -2 + -95 + 96).
-70
Calculate 604 + -591 + (1 - -3).
17
What is 85 + -7 - (139 + -34)?
-27
What is the value of 13 + 6 + 17 + 28 + -26?
38
What is (10 - (26 + -5 + 82)) + 0?
-93
What is (5 - 5) + 3 + 0 + (-168 - -132)?
-33
Calculate -3 + -7 + -121 + -1 + 87.
-45
(36 - (2 - 0)) + 0 - (221 + -232)
45
Calculate (-11 - (-12 + 26 + 16)) + 17.
-24
What is 0 + (-2 - -23) + (64 - -10 - 147)?
-52
What is -37 + (-42 - (-53 - 3))?
-23
What is 91 + (155 - 120) + -54?
72
What is the value of -67 + 103 + 18 - 112?
-58
Evaluate (12 - (-2 + 2 - 1)) + (423 - 427) + 4.
13
Calculate -14 + (331 + -337 - (45 + -2 + 4)).
-67
Calculate -25 - 72 - -210 - 205.
-92
What is the value of (-10 - (3 - (4 + 3))) + (7 - 6) - 63?
-68
-22 - (13 - (13 + (14 - (4 - 2))))
-10
Calculate (10 - ((13 - 8 - 19) + (2 - -10))) + -86.
-74
Calculate (20 - (45 - 14) - 39) + 3 + -7.
-54
Evaluate 55 - (31 + 17) - -27.
34
What is the value of (2 - -8) + 1 + -114 + 217 + -115 - -12?
11
155 + (-55 - (49 - 88) - 33)
106
Evaluate 73 - (-48 - (43 - 131)).
33
137 - (-19 + 17) - (1 + (3 + 1 - 1))
135
Calculate (8 - (-10 - 2)) + 5 - (9 - -56).
-40
10 - (51 - (53 + -78))
-66
Calculate (-2 - -11) + 1 + (-18 - 28).
-36
What is 16 + -91 + -15 + (-8 - (-8 + -6)) + 13?
-71
Calculate 4150 - 4239 - (0 + -236).
147
Evaluate 34 - ((629 - 514) + -27 + 0).
-54
Calculate 132 + 2 - ((29 - (105 + -102)) + (1 - 36)).
143
Evaluate (-116 - (-12 - 41)) + 56 - (-29 + -1).
23
12 + 8 + 23 + (-21 - -17)
39
What is the value of -14 + (14 - -8) - (-38 - -23)?
23
Evaluate (4 - 32) + -93 + 145 + 21.
45
5 + 94 + -89 - (-2 + 2)
10
-19 + (20 + -20 - -20) + (18 - 2)
17
Calculate -1 + -19 + -14 + 19 + 10 - (-57 - -2).
50
(13 - 3 - 5) + (6 - (-34 - 5))
50
Calculate 2 - ((5 - 17 - -10) + -7) - (2 + -2).
11
Calculate -5 + 26 + (-67 - 28) + -9.
-83
What is the value of (8 + (-12 - -23) + -3 + 3 - 7) + -9?
3
What is the value of (325 - 267) + -76 - (1 - -48)?
-67
What is the value of -40 - 2 - (15 + -5 + -170 + 142)?
-24
Calculate 4 - (-21 + (4 - -22)) - -3.
2
What is the value of (0 - -19) + (2 + -34 - (62 - 115))?
40
Evaluate (-219 - -203) + 150 + (2 - -11 - 0).
147
Evaluate 14 - (-31 - 3) - (0 + 3 + -11 + -2).
58
Evaluate 1 - 45 - (-2010 + 1980).
-14
Calculate 110 + (95 - 153) - 105.
-53
Evaluate (-2780 - -2756) + 1 + (14 - 0).
-9
What is the value of (-11 - (8 + -33)) + 32?
46
-7 + -4 + (19 + -22 - (-27 + 0)) + -54
-41
Evaluate 55 + (0 - (-36 + 34)) + -25.
32
What is the value of (33 + (12 - 9) - 3) + -15 + -6?
12
What is (-9 - (-20 - -18) - 47) + (14 - -2)?
-38
Calculate -76 + 132 + -26 - (-5 + 1 + -3 + 0).
37
Calculate 9 + 55 + -3 - (0 + 8 + (49 - 54)).
58
What is -109 + -8 + (20 - -23)?
-74
-26 + (4 + 1 - (-12 + 30 + -26))
-13
What is -31 - (-19 - (17 - 40)) - (15 - 4)?
-46
What is 4 + 6 - 10 - (17 + -1 + 24 + -34)?
-6
What is 2 + (-60 - (-192 + 71))?
63
What is 2 + 61 - 2 - ((-14 - 4) + 30 + -10)?
59
Evaluate 3 + -4 + -75 + 12.
-64
What is the value of -64 + 77 + -80 + 101?
34
What is the value of (44 - -1) + -10 - (17 + -6)?
24
What is 17 - (34 + -13 + (-17 - -9))?
4
Evaluate (1 + -1 + 1 - (22 - 12)) + 95 + -66.
20
Calculate 7 + 23 - 24 - (-1 - (10 + 0)).
17
Evaluate (0 - (1 - -12)) + (-141 - -93 - -82).
21
Calculate 122 - 98 - (125 + 7 - 1).
-107
Evaluate (-8 - -15) + 30 - (-13 + (10 - 1)) - -4.
45
Calculate (-1 + 1 + -7 + 4 - (-460 - -457)) + -2.
-2
What is the value of -15 + (133 - 146 - (-2 - -2)) + 6?
-22
What is the value of (25 - 36) + 42 - 1?
30
Calculate (0 + 7 - (225 - 207)) + -4 + 2.
-13
What is the value of 8 - ((-7 - 1) + -8 + -7)?
31
-7 - (16 - ((12 - 11) + -7 + 10))
-19
Calculate -94 + (60 + 44 - -21).
31
Evaluate -4 + -4 + (0 - -6) + -18 + -21.
-41
What is the value of 16 + -19 + 17 + -6 + (25 - -2 - -3)?
38
2 + 2 + -3 + -10 + 13 + -4 + 11
11
What is the value of 1 + (1 - -1 - -43) - (174 + -128 - 39)?
39
What is the value of -12 + (160 - 149) + 1 + -8 - -46?
38
Evaluate (-12 - 3) + -43 + 89 + -39.
-8
What is 135 + (1 + (-2 - -16) - (-9 - -7 - -25))?
127
Calculate -11 - (-32 + 6 + 27).
-12
Evaluate -211 - -165 - ((-1 - -1) + 0 - -7).
-53
What is 29 + 38 + -44 + 34 + (4 - -2)?
63
Evaluate -17 + 1 + (27 - 26) + (-41 - 2).
-58
What is (-7 - (10 - 14 - 17)) + -14?
0
(-10 - (-1 - 11)) + (-8 - 9 - -9 - 27)
-33
Evaluate (-1 - (6 + -1 + -7 - -5)) + -2 - -8.
2
What is the value of -317 + 289 - (-25 - (3 + -4))?
-4
Calculate -8 + -53 + -1 + 21 + 10.
-31
What is the value of (1117 - 1088) + (-1 - 43)?
-15
Calculate 7 - -10 - (5 + -1 + 11 + 94).
-92
What is -174 - -179 - (1 + (29 - 1))?
-24
Evaluate (-6 + (-1 - -10) - -45) + -60 + 52 + 15.
55
What is -1 + (23 - 0 - 16)?
6
What is 0 - -85 - (-447 - -384)?
148
What is -24 + (77 - -26) + (-25 - -1)?
55
What is the value of -28 - 14 - (-15 + -6 - -12)?
-33
47 - 7 - (-4 + 18) - -10
36
34 - (114 + -26 + 0)
-54
Calculate -21 + (-17 + -13 - -10) - -15.
-26
Evaluate -12 + 5 + -30 - (-9 - -7 - 3).
-32
What is 87 - 145 - (-22 - 15)?
-21
Evaluate (9 - (-12 + (-6 - -2))) + -64.
-39
What is -7 + (-10 - (-8 - 3)) + -11 + 38 + -3?
18
-16 + (-14 - -8) + -2 + 0 + 12 + -2
-14
Evaluate 26 - ((-31 - -13) + 22 - -72).
-50
Evaluate 483 + -460 - (-65 - -5 - (-1 - 3)).
79
Calculate 10 + (-56 - (2 - (-7 - (5 + -22)))).
-38
What is -18 + 12 + -2 - (6 - (-4 - -11))?
-7
Evaluate -3 + (22 - 1 - 3 - 16).
-1
Calculate -12 - (0 - (-13 + (-15 + 4 - -62))).
26
What is the value of 7 - (-52 - (1 + -1 + (-20 - (-65 + 33))))?
71
Evaluate 1936 + -2044 - (9 - 127).
10
Evaluate (-2435 - -2546) + -3 + -99.
9
83 + -191 + 81 + (-3 - -3) + -16
-43
What is the value of -86 + (97 - (19 - -59))?
-67
What is 41 + -7 + -334 + 276?
-24
What is (-1 - -1 - 5) + (-288 + 144 - -176)?
27
What is the value of -8 - ((69 - 56) + 32)?
-53
What is the value of -11 - -1 - ((8 - 31) + (-11 - -7))?
17
What is (-132 - (-166 + 17)) + 39?
56
What is the value of -122 + 51 + 72 - (-2 + 1 + -118)?
120
What is the value of 108 + -180 + 109 + 80?
117
89 - (138 + 66 + -96)
-19
Calculate (5 - (3 - -17 - 16)) + (-36 - -20).
-15
What is -240 - -220 - (3 + -2)?
-21
What is (0 - (-2 + (0 - (-4 - 9 - -5)))) + -54?
-60
(-14 - (-15 - -5)) + (-5 - -6 - -19) + 0
16
Calculate -1 + -142 - (-266 + 206 + (45 - 7)).
-121
(1 - 0) + 43 + (-997 - -1020) + -32 + -1
34
-15 + 0 + (46 - -15 - 70)
-24
Calculate -2 - (-9 - (-400 + 398 + (1 - 18))).
-12
Evaluate -135 + 120 + (-6 - -64).
43
What is the value of (-6 - 1) + (12 - (26 - 19) - 15) + -9?
-26
What is (-2013 - -2013) + (0 - 11) + -1 - (-5 - 48)?
41
Evaluate 10 + 2 + -22 + (4 - 8) + 7.
-7
What is the value of 111 - (-108 - -12 - -171)?
36
What 